of i and 9.
9
Let o be (2 - 3)*402 + -1 + -2. Suppose 2*n - 19 = -7. Let w be (4/n)/((-54)/o). What is the highest common divisor of w and 10?
5
Let a(i) = -2*i**3 - 7*i**2 + 48*i + 231. Let m be a(-4). Calculate the highest common divisor of m and 1518.
11
Suppose x - 7 - 53 = -f, -4*x - 3*f = -236. What is the highest common factor of x and 360?
8
Suppose -77112 = 46*b - 235*b. What is the greatest common divisor of b and 9?
3
Suppose 7*z - 5*z = 10, -5*k + 305 = 5*z. Calculate the highest common divisor of k and 1316.
28
Suppose 6*m = 18 - 0. Suppose 0 = -m*t + 295 - 235. What is the greatest common divisor of 380 and t?
20
Suppose -2*b + 384 = 2*k, 0 = -3*k + 3*b - 0*b + 576. What is the greatest common factor of 6112 and k?
32
Let g(h) = h**3 - 42*h**2 + 208*h - 10. Let q be g(5). What is the greatest common factor of q and 231?
21
Let y = 1018 + 768. What is the highest common factor of 76 and y?
38
Let k be ((-4)/((-80)/(-15)))/(9/(-96)). Let o(m) = -m**3 - 5*m**2 - 5*m + 3. Let z be o(-5). Calculate the highest common factor of k and z.
4
Suppose k - 5*k = -3*g + 30, 0 = -2*g + 3*k + 21. Suppose 207 = 5*r - 3*y + g*y, r - 4*y - 46 = 0. Calculate the greatest common divisor of r and 308.
14
Let a(i) = -i**3 + 14*i**2 - 3*i - 13. Let z be a(13). Let l be 16/20 + 86/5. What is the highest common factor of z and l?
9
Let t = 371 - 308. Suppose -t = -5*q - 2*b, -q - 2*b = -0*b - 19. What is the highest common divisor of q and 132?
11
Let n(j) = j**3 + 9*j**2 - 2*j - 26. Let q be n(-11). Let k = q + 256. What is the highest common divisor of 130 and k?
10
Let g be (-53)/(-6) - (-22)/132. Let r be 744 + g + 5 + -3 + 1. What is the greatest common divisor of 168 and r?
84
Suppose 0 = -10*a + 16*a - 18450. What is the greatest common factor of 60 and a?
15
Let j = -372 + 103. Let g = -159 - j. Let s(r) = -r**2 + 19*r + 52. Let w be s(21). Calculate the greatest common divisor of g and w.
10
Let n(x) = -x**3 + 25*x**2 + 24*x - 59. Let m be n(25). Suppose -4*v + m - 533 = 0. Calculate the highest common divisor of 10 and v.
2
Suppose 19*d + 2*d = -d + 1364. Let z = 177 - 84. Calculate the highest common factor of z and d.
31
Suppose -3*o - 47*j + 52*j + 1659 = 0, -5*j + 2765 = 5*o. Calculate the greatest common divisor of o and 91.
7
Suppose -5*o + 5*b + 1600 = 0, -8*o = -3*o + 5*b - 1610. Let w = o + -282. Calculate the greatest common divisor of 624 and w.
39
Suppose 0 = 11*i - 78461 - 36269. Calculate the greatest common factor of i and 10.
10
Suppose -11*y + 17*y = 121 - 85. Let a be 206 - (-5)/((-5)/2). Suppose -y*z + a = -0*z. Calculate the highest common divisor of z and 17.
17
Suppose 2*g = -5*l + 595, 71*l - 580 = 66*l + g. Let n(k) = 38*k**2 - 2*k + 8. Let s be n(2). What is the greatest common divisor of s and l?
39
Suppose -197*v - 156 = -201*v. Let c(r) = r**3 - 9*r**2 - 16*r - 14. Let l be c(11). What is the highest common factor of l and v?
13
Suppose -2*x + 174 = -2*g, g - 18*x + 77 = -19*x. Let f = g + 120. Let h = 101 + -63. What is the highest common divisor of h and f?
38
Suppose 2*s - 9 = 11. Let m(i) = 44*i**2 + 62*i + 200. Let g be m(-3). Calculate the greatest common factor of g and s.
10
Suppose 373 + 152 = -15*g. Let l(p) = 14*p + 492. Let m be l(g). What is the highest common factor of m and 54?
2
Let m(x) = -x**3 - 5*x**2 - x + 7. Let h be m(-4). Let s be (-924)/49*(h - 2). Calculate the highest common factor of s and 176.
44
Let n be 2977/65 - 10 - (-1)/5. Suppose 5*y + 0*y = 20. Suppose 2*j - 28 = -y. What is the greatest common factor of n and j?
12
Let p = 70 + -64. Let b be (-9)/(-2)*1 + (-3)/p. Let q be b/(-5)*(-26 - -21). Calculate the greatest common factor of 10 and q.
2
Let x(o) be the third derivative of o**5/60 + o**4/4 - 3*o**3/2 - 59*o**2. Let s be x(-9). What is the greatest common divisor of s and 45?
9
Let m(h) = -h**3 - 9*h**2 + 10*h + 8. Let g be m(-10). Suppose -2*v = -g*v + 882. Calculate the greatest common factor of 21 and v.
21
Let j(z) = z**2 - 14*z + 3. Let l be j(13). Let b be ((-2)/(-5))/(l/(-475)). What is the highest common divisor of 57 and b?
19
Let x be (4 + -9)/30 - 1060/(-24). Suppose 2*l + 64 = -3*h, -5*l + 9*h - 110 = 4*h. Let w = x + l. Calculate the highest common factor of 2 and w.
2
Suppose 57 = -2*p + 145. Suppose a - 6*v - p = -3*v, 4*a + 4*v = 144. Calculate the greatest common divisor of 228 and a.
38
Let b be (-11054)/(-26) - 862/5603. What is the greatest common factor of b and 204?
17
Suppose -5*y + 9*y - 458 = 5*m, -y + 115 = -m. Let f = 27 - 24. Suppose -3*x + 125 = 2*o, -f*o + o = 2*x - 86. Calculate the highest common factor of y and x.
39
Let r(q) = 3*q**2 + 98*q - 101. Let n be r(-36). Calculate the highest common factor of 84 and n.
7
Let j be (6/(-10))/((-6)/90). Let p = 22 + -35. Let s = 50 - p. Calculate the highest common factor of s and j.
9
Let x(n) be the third derivative of -n**5/60 + 7*n**4/6 - 12*n**3 - 10*n**2 - 1. Let l be x(21). Calculate the highest common factor of l and 30.
15
Let i(k) = -k**2 - 12*k - 10. Let z(f) = 5*f + 27. Let x be z(-7). Let o be i(x). Calculate the highest common divisor of 242 and o.
22
Suppose -2*a + 101790 = 5*d, -10*d + 3*a + 81432 = -6*d. Calculate the greatest common divisor of d and 348.
174
Let c(h) = -188 + h - 3*h - 3 - 4*h - 5*h. Let n be c(-21). What is the highest common factor of n and 140?
20
Suppose -2*w + 4*y + 5136 = -18042, -5*w + 57885 = 5*y. What is the highest common divisor of 74 and w?
37
Suppose 16*z - 1927 - 985 = 0. Let g(q) = -q**3 + 7*q**2 + 5*q - 9. Let m = -25 + 32. Let o be g(m). What is the greatest common divisor of o and z?
26
Suppose -4*w + 241 + 179 = 0. Let h(z) = 2*z + 53. Let b be h(-8). Suppose -8*i - 1218 = -b*i. What is the greatest common divisor of w and i?
21
Let b be 48 + (16 - (2 + 32)). Calculate the highest common factor of 10215 and b.
15
Let h(p) = 23*p + 1037. Let b be h(-45). Calculate the highest common divisor of b and 49.
1
Let p(i) = -2*i - 4. Let s be p(-2). Suppose s = 6*q - 4*q - 28. What is the highest common factor of 56 and q?
14
Let s be (-12)/(-72) + (8 - 204281/(-42)). What is the highest common divisor of 126 and s?
42
Let m be (-1258)/(-9) - 2/(-9). Let f = -21 - -58. Let s be -4 - (-5 - f - -3). Calculate the greatest common factor of s and m.
35
Let n be 355/35 + ((-32)/(-56))/(-4). Calculate the highest common factor of n and 116.
2
Let r be (-6)/((-156)/(-91)) - (-7948)/8. What is the highest common factor of r and 462?
66
Let j = 6 - -152. Let x = -95 + j. Let i = x + 0. Calculate the highest common factor of i and 9.
9
Let d = -612 + 327. Let w = -117 - d. What is the greatest common divisor of w and 84?
84
Let d(w) = -w**2 - 110*w - 1319. Let a be d(-96). Calculate the greatest common divisor of 185 and a.
5
Let x be (-4 + 10649 - -11) + -15. What is the greatest common divisor of x and 3?
3
Suppose 0 = 2*q + 2, 3*c + 2*q + 142 - 680 = 0. Suppose -86*s + c = -83*s. Suppose v - 360 = -3*v. Calculate the highest common factor of v and s.
30
Let u = -9 + 19. Suppose -13*c - u = -3*c. Let g(z) = -23*z**3 - 2*z**2 - 3*z - 2. Let m be g(c). Calculate the greatest common factor of m and 44.
22
Let s = 603 - 601. Suppose -2*a - 3*o + 199 = 0, -119 - 88 = -s*a + 5*o. Calculate the greatest common factor of 101 and a.
101
Let d(c) = -c + 22. Let r be d(-10). Suppose r*w + 1240 = 40*w. What is the greatest common factor of w and 5?
5
Suppose 4*g = 3*m - 2 + 3, -2*m - 2*g - 10 = 0. Let l be (-2)/(-2 - 0) - m. Suppose 4975 = 34*b + 2242 + 2325. Calculate the greatest common divisor of l and b.
4
Let m(q) = 2*q**2 - 38*q - 20. Let k be m(27). Let z = -316 + k. Calculate the greatest common divisor of 72 and z.
24
Suppose -2824 = -2*p - 2814. Suppose p*h + 360 = 3*i, 2*i - 3*h - 186 = 54. Calculate the greatest common divisor of i and 90.
30
Suppose 8*x - 3*x = 5. Let b be (-116)/(-29) + (x - -49). Calculate the highest common factor of 90 and b.
18
Let q(j) = -j + 17. Suppose 0 = -5*p + 4*v - 75, v = -4*p - p - 50. Let r be q(p). What is the greatest common factor of r and 4?
4
Let h be 32/(-144) - 2963*8/(-72). What is the highest common factor of 235 and h?
47
Let l = -719 + 797. Calculate the greatest common factor of 10088 and l.
26
Suppose -230 = -2*z + 4*